rs of (t - -6) + (8 - -2).
13
Let d be (-260)/(-325) + (49128/(-5))/2. What are the prime factors of d/32*(-1 - (-12)/(-4))?
2, 307
Let z = 152 + -166. Let d = z + 46. Let r = d - -65. List the prime factors of r.
97
Suppose -7 + 16 = 3*k. Suppose k = -4*y + 15. List the prime factors of (6/16)/(y/(-22))*-28.
7, 11
Let p be (12/10 + 0)*(-85)/(-34). Suppose 7*z - 6*z + 1 = 0, p*h - 199 = z. List the prime factors of h.
2, 3, 11
Let q = 63 + -64. Let i(h) = -288*h + 5. What are the prime factors of i(q)?
293
Let h(g) = 72*g**2 - 2*g + 11. Let j be h(-6). What are the prime factors of (-3)/(-2) - j/(-10)?
263
Suppose -n - 4829 = -q, -n - 4 = -3. Suppose -4896 = -11*l + q. List the prime factors of l.
2, 13, 17
Let x = -3696 + 3749. What are the prime factors of x?
53
Let o(z) = 22*z**2 + 2*z + 2. Let r be o(-2). Suppose k - 113 - r = 0. Suppose -k = -4*g + 5*h, -5*g - h = -3*h - 236. What are the prime factors of g?
2, 23
Suppose 3*b - 26*r = -27*r + 48019, 4*b - 3*r = 64021. List the prime factors of b.
2, 53, 151
Let o = -3 + -3. Let k be -5*o*(4 + -1). Suppose -5*g + k = g. What are the prime factors of g?
3, 5
Let k = 14353 + -9011. What are the prime factors of k?
2, 2671
Suppose 5*v - 3*z + 187 + 68 = 0, 0 = -5*v - 4*z - 255. Let m = 93 + v. List the prime factors of (4 - 50/15)*m.
2, 7
Suppose 129*r - 225*r + 849285 = 137*r. List the prime factors of r.
3, 5
Let x(w) = 20*w**2 + 70*w - 534. List the prime factors of x(35).
2, 13, 127
Suppose 0 = 10*z - 4*z - 936. Let l = z - -16. Suppose l = 62*s - 60*s. What are the prime factors of s?
2, 43
Let q(u) = -122*u**3 - 4*u**2 - 9 - 2 + 0*u**2 + 165*u + u**2 - 175*u. What are the prime factors of q(-2)?
7, 139
Let g = -2257 - -4365. Suppose 2267 + 539 = 4*v + 3*k, g = 3*v + 4*k. What are the prime factors of v?
2, 5, 7
Suppose 0*w - 3*w - v = -4769, -4*v - 7971 = -5*w. Suppose 1 = -x, -7*x = -3*f - 3*x + w. List the prime factors of f.
23
Let c be ((-12)/(-8) + -3)*-2*-1. Let u be (-3)/(c + 2) + (-1 - -5). Suppose -12*o = -u*o - 460. List the prime factors of o.
2, 23
Let k be (-50)/(-18) + (-2)/(-9). List the prime factors of ((k - 0) + -2)*378.
2, 3, 7
Let c(b) = 86*b**2 - 18*b - 96. What are the prime factors of c(-11)?
2, 37, 71
Let d(k) = 3 + k + 263*k**2 - 88*k**2 - 68*k**2 - 90*k**2. Suppose -4 = -5*m - 14. List the prime factors of d(m).
3, 23
Let k = -1608 + 3554. Suppose -14477 = -11*s + k. What are the prime factors of s?
1493
Let r = 110783 - 49305. List the prime factors of r.
2, 59, 521
Let u be (13/(-3))/(58/(-2088)). Suppose -u*i = -162*i + 810. What are the prime factors of i?
3, 5
Suppose s + 219 = -2*s. Let m = s - -68. List the prime factors of (295/25)/((-2)/m)*2.
59
Let s(q) = -9*q - 11. Let h(u) = 15*u**3 + 6*u**2 + 17 - 32*u**3 - 4*u + 18*u**3. Let o be h(-7). List the prime factors of s(o).
5
Let m(z) = -1647*z - 2309. List the prime factors of m(-6).
7573
Let t(w) = -w**2 - 19*w - 8. Let s = 27 - 7. Suppose m - 25 = b + b, 4*b = -4*m - s. What are the prime factors of t(b)?
2, 41
What are the prime factors of (318/(-265))/((24/(-41780))/2)?
2, 2089
Suppose s + 36 = -0*s - 4*d, -d = -3*s - 56. List the prime factors of (-2256)/s*(-40)/(-16).
2, 3, 47
Let y be ((-144)/30)/((-6)/2505). Suppose -339 = 5*m - y. What are the prime factors of m?
3, 37
Let v = 63 - 23. Let l = -17 - -7. Let h = v - l. List the prime factors of h.
2, 5
Let j(u) = -8*u**2 - 4*u + 1. Let b be j(2). Let x be (-6)/b - (414/(-13) + -1). Suppose 3*z + x = 4*z. What are the prime factors of z?
3, 11
Let x be (-4)/(-14) + 1200/14. Let a(r) = -r**3 - 12*r**2 - 7*r + 26. Let q be a(-12). Suppose 4*b = q + x. What are the prime factors of b?
7
Suppose 0 = 5*s - 4*s - 3. Suppose 3*m = -4*z - 1, -16*z = 4*m - 19*z - 32. Suppose m*b - 354 = w, -s*b + 108 = 4*w - 86. List the prime factors of b.
2, 5, 7
What are the prime factors of 126171/(-1)*(-105)/((-11025)/(-70))?
2, 3, 4673
Suppose 2*z - d - 3*d = -8, 3*d + 8 = 5*z. Let i(t) = -35*t + 23. Let y(b) = 17*b - 12. Let q(m) = 3*i(m) + 7*y(m). What are the prime factors of q(z)?
41
Suppose 3*o + 34 = -11. List the prime factors of -111*(-5 - 50/o).
5, 37
Let c be 30/(-18)*(41 + -2)/(-1). Suppose 0 = 2*z - 299 - c. What are the prime factors of z?
2, 7, 13
Let j(y) = -38*y + 2. Let i be j(-5). Let w(u) = -3*u**2 + 110*u - 269. Let f be w(35). Let l = f + i. List the prime factors of l.
2, 7
Let j = -14173 - -28456. List the prime factors of j.
3, 23
Let m(y) = 88*y**2 + y - 1. Let h be m(1). Suppose -4*g + h = -684. List the prime factors of g.
193
Let w be (8/(-32))/(1/(-12)). Suppose -w*j = -5*j + 8. List the prime factors of 13*(4 + 12/j).
7, 13
Let w = -2163 + 3965. Let s = -686 + w. List the prime factors of s.
2, 3, 31
Suppose -40 = -5*n - 15. Suppose 0 = n*v - 10*v. Suppose 2*p + 25 - 33 = v. List the prime factors of p.
2
Let r(k) = -16*k**2 + 1854*k - 67. List the prime factors of r(101).
23971
Let r = -163 - -186. List the prime factors of (1 - r)*5*470/(-100).
11, 47
Suppose 3*c + 46 = 4*h, -2*h + h = -1. Let p be (c/6)/(4836/(-1611) - -3). Suppose p = 5*i + 2*i. What are the prime factors of i?
179
Suppose c + 3*c - 14 = -5*q, -5*c = -2*q - 1. Let f(v) = -15*v + 1. Let a be f(q). Let b = a + 76. List the prime factors of b.
47
Let f(z) = 2*z**3 + 15*z**2 - 18*z - 5. Let a be f(-8). List the prime factors of (9435/a)/((-1)/(-5)).
17, 37
Let v be 6/3 - 0/2. Suppose -2*y - 94 = o, 4*y - 3*y + 37 = v*o. Let l = y + 106. What are the prime factors of l?
61
Let s = 205 + -205. Suppose 2*t - w = 795, -5*t + 10*t - 2*w - 1990 = s. List the prime factors of t.
2, 5
Let v(j) = 4*j. Let w be v(1). Let r be -2 - (8 - w - 6). Suppose r = 9*i - 4 - 194. What are the prime factors of i?
2, 11
Suppose -l = r - 7298, 9315 + 12547 = 3*l - 5*r. Suppose 4*v - 5842 = h, -5*v - 11*h + 8*h = -l. List the prime factors of v.
2, 5, 73
Let o(a) = -6*a**3 - 56*a**2 - 31*a + 41. List the prime factors of o(-18).
73, 239
Let i = 7619 - 4981. Let a = i - 1807. What are the prime factors of a?
3, 277
Let t = 24935 + -14669. What are the prime factors of t?
2, 3, 29, 59
Let m be (2968/18)/4 - 10/45. Suppose -90 = 5*y + 55. Let h = y + m. List the prime factors of h.
2, 3
Let w = -1056 - -1029. Let l = 37 - 84. Let q = w - l. List the prime factors of q.
2, 5
Suppose -7820 = -2*d + 9460. Suppose 21*i - d = i. List the prime factors of i.
2, 3
Let z(p) = -3*p**3 - 61*p**2 + 37*p - 159. List the prime factors of z(-28).
113, 149
Let u(r) = -20*r - 63. Let g be u(-9). List the prime factors of 310*1*(g/(-65) - -5).
2, 31
Suppose -30*t = -309755 + 96635. List the prime factors of t.
2, 3, 37
Suppose 3*u + 2*t - 13270 = -0*u, -4*t + 13268 = 3*u. List the prime factors of u.
2, 7, 79
Suppose 0 = -5*j - v + 402639, -9*v = 3*j - 35739 - 205920. List the prime factors of j.
2, 3, 13421
Suppose -5*k + 2*w + 188 = 0, -4*k + 5*w = -3*k - 56. Let h = k - -271. Let p = h - 201. What are the prime factors of p?
2, 53
Suppose 37*z + 644306 = -17*z + 1787108. What are the prime factors of z?
21163
Let q = -175 - -140. Let t = q - -97. List the prime factors of t.
2, 31
Suppose 2*h = -5*m + 29, 0 = 3*h - 2*h - 2*m + 8. Let a(w) = -w - 10 + 6*w**2 + 4*w**h + 2*w - 17 - w**3. What are the prime factors of a(8)?
109
Let v(g) = -g**2 + 16. Let z = -61 - -75. Let m be v(z). Let x = 257 + m. What are the prime factors of x?
7, 11
Let q = -104 - 1910. Let j = q - -3447. List the prime factors of j.
1433
Suppose -10524042 = -147*c - 201*c + 87*c. What are the prime factors of c?
2, 20161
Suppose -28305 = 126*z - 145*z + 35763. What are the prime factors of z?
2, 3, 281
List the prime factors of ((-2 + 2 - 2) + -1639)/(1176/(-7840)).
2, 5, 547
Let b be 57/4 - (66/(-24) + 3). Suppose -b*r = -270 + 18. List the prime factors of r.
2, 3
Let b = 31 + -30. Suppose -b = -0*o + o. Let v = 12 - o. List the prime factors of v.
13
Let n(m) be the second derivative of -m**5/20 + m**4/3 - 10*m**3/3 + 3*m**2 - 226*m. List the prime factors of n(-8).
2, 467
Let f = 26 - 16. Suppose -f*d + 4*r - 226 = -11*d, -d + 5*r + 235 = 0. What are the prime factors of d?
2, 5, 23
Let n(c) = 8*c**2 - 2*c + 2. Let a be n(-3). Suppose 6*z = 2*z + a. Suppose -l = 4*m - 36, m = -5*l - z + 219. What are the prime factors of l?
2, 5
S